{"id":11,"date":"2023-07-28T10:56:37","date_gmt":"2023-07-28T08:56:37","guid":{"rendered":"https:\/\/crosne-orchestral.fr\/?page_id=11"},"modified":"2025-06-19T12:50:03","modified_gmt":"2025-06-19T10:50:03","slug":"accueil","status":"publish","type":"page","link":"https:\/\/crosne-orchestral.fr\/","title":{"rendered":"Crosne Orchestral"},"content":{"rendered":"\n<p>L&#8217;association Crosne Orchestral est un orchestre d&#8217;harmonie. \nNous recherchons des musiciens amateurs pour monter nos prochains concerts et nos prochaines manifestations.\n<\/p>\n\n\n\n<p><\/p>\n\n\n\n<p>Le r\u00e9pertoire est tr\u00e8s diversifi\u00e9 : musiques de film, musiques pop, musiques de vari\u00e9t\u00e9, musiques classiques &#8230;.<\/p>\n\n\n\n<p><\/p>\n\n\n\n<p>N&#8217;h\u00e9sitez pas \u00e0 venir nous rejoindre pour la saison 2025\/ 2026 et \u00e0 nous contacter via le formulaire de contact du site.<\/p>\n\n\n\n<p><\/p>\n\n\n\n<p>Nous serons pr\u00e9sents le dimanche 7 septembre au forum des associations de la ville de Crosne.<\/p>\n","protected":false},"excerpt":{"rendered":"<p>L&#8217;association Crosne Orchestral est un orchestre d&#8217;harmonie. Nous recherchons des musiciens amateurs pour monter nos prochains concerts et nos prochaines manifestations. Le r\u00e9pertoire est tr\u00e8s diversifi\u00e9 : musiques de film, musiques pop, musiques de vari\u00e9t\u00e9, musiques classiques &#8230;. N&#8217;h\u00e9sitez pas \u00e0 venir nous rejoindre pour la saison 2025\/ 2026 et \u00e0 nous contacter via le [&hellip;]<\/p>\n","protected":false},"author":1,"featured_media":167,"parent":0,"menu_order":0,"comment_status":"closed","ping_status":"closed","template":"wp-custom-template-page-du-site","meta":{"footnotes":""},"class_list":["post-11","page","type-page","status-publish","has-post-thumbnail","hentry"],"yoast_head":"<!-- This site is optimized with the Yoast SEO plugin v24.3 - https:\/\/yoast.com\/wordpress\/plugins\/seo\/ -->\n<title>Crosne Orchestral -<\/title>\n<meta name=\"robots\" content=\"index, follow, max-snippet:-1, max-image-preview:large, max-video-preview:-1\" \/>\n<link rel=\"canonical\" href=\"https:\/\/crosne-orchestral.fr\/\" \/>\n<meta property=\"og:locale\" content=\"en_US\" \/>\n<meta property=\"og:type\" content=\"article\" \/>\n<meta property=\"og:title\" content=\"Crosne Orchestral -\" \/>\n<meta property=\"og:description\" content=\"L&#8217;association Crosne Orchestral est un orchestre d&#8217;harmonie. Nous recherchons des musiciens amateurs pour monter nos prochains concerts et nos prochaines manifestations. Le r\u00e9pertoire est tr\u00e8s diversifi\u00e9 : musiques de film, musiques pop, musiques de vari\u00e9t\u00e9, musiques classiques &#8230;. N&#8217;h\u00e9sitez pas \u00e0 venir nous rejoindre pour la saison 2025\/ 2026 et \u00e0 nous contacter via le [&hellip;]\" \/>\n<meta property=\"og:url\" content=\"https:\/\/crosne-orchestral.fr\/\" \/>\n<meta property=\"article:modified_time\" content=\"2025-06-19T10:50:03+00:00\" \/>\n<meta property=\"og:image\" content=\"http:\/\/crosne-orchestral.fr\/wp-content\/uploads\/2024\/09\/Logo-Crosne-Orchestral-1024x1024.png\" \/>\n\t<meta property=\"og:image:width\" content=\"1024\" \/>\n\t<meta property=\"og:image:height\" content=\"1024\" \/>\n\t<meta property=\"og:image:type\" content=\"image\/png\" \/>\n<meta name=\"twitter:card\" content=\"summary_large_image\" \/>\n<meta name=\"twitter:label1\" content=\"Est. reading time\" \/>\n\t<meta name=\"twitter:data1\" content=\"1 minute\" \/>\n<script type=\"application\/ld+json\" class=\"yoast-schema-graph\">{\"@context\":\"https:\/\/schema.org\",\"@graph\":[{\"@type\":\"WebPage\",\"@id\":\"https:\/\/crosne-orchestral.fr\/\",\"url\":\"https:\/\/crosne-orchestral.fr\/\",\"name\":\"Crosne Orchestral -\",\"isPartOf\":{\"@id\":\"https:\/\/crosne-orchestral.fr\/#website\"},\"primaryImageOfPage\":{\"@id\":\"https:\/\/crosne-orchestral.fr\/#primaryimage\"},\"image\":{\"@id\":\"https:\/\/crosne-orchestral.fr\/#primaryimage\"},\"thumbnailUrl\":\"https:\/\/crosne-orchestral.fr\/wp-content\/uploads\/2024\/09\/Logo-Crosne-Orchestral.png\",\"datePublished\":\"2023-07-28T08:56:37+00:00\",\"dateModified\":\"2025-06-19T10:50:03+00:00\",\"breadcrumb\":{\"@id\":\"https:\/\/crosne-orchestral.fr\/#breadcrumb\"},\"inLanguage\":\"en-US\",\"potentialAction\":[{\"@type\":\"ReadAction\",\"target\":[\"https:\/\/crosne-orchestral.fr\/\"]}]},{\"@type\":\"ImageObject\",\"inLanguage\":\"en-US\",\"@id\":\"https:\/\/crosne-orchestral.fr\/#primaryimage\",\"url\":\"https:\/\/crosne-orchestral.fr\/wp-content\/uploads\/2024\/09\/Logo-Crosne-Orchestral.png\",\"contentUrl\":\"https:\/\/crosne-orchestral.fr\/wp-content\/uploads\/2024\/09\/Logo-Crosne-Orchestral.png\",\"width\":3640,\"height\":3640},{\"@type\":\"BreadcrumbList\",\"@id\":\"https:\/\/crosne-orchestral.fr\/#breadcrumb\",\"itemListElement\":[{\"@type\":\"ListItem\",\"position\":1,\"name\":\"Home\",\"item\":\"https:\/\/crosne-orchestral.fr\/\"},{\"@type\":\"ListItem\",\"position\":2,\"name\":\"Crosne Orchestral\"}]},{\"@type\":\"WebSite\",\"@id\":\"https:\/\/crosne-orchestral.fr\/#website\",\"url\":\"https:\/\/crosne-orchestral.fr\/\",\"name\":\"\",\"description\":\"Un site utilisant WordPress\",\"potentialAction\":[{\"@type\":\"SearchAction\",\"target\":{\"@type\":\"EntryPoint\",\"urlTemplate\":\"https:\/\/crosne-orchestral.fr\/?s={search_term_string}\"},\"query-input\":{\"@type\":\"PropertyValueSpecification\",\"valueRequired\":true,\"valueName\":\"search_term_string\"}}],\"inLanguage\":\"en-US\"}]}<\/script>\n<!-- \/ Yoast SEO plugin. -->","yoast_head_json":{"title":"Crosne Orchestral -","robots":{"index":"index","follow":"follow","max-snippet":"max-snippet:-1","max-image-preview":"max-image-preview:large","max-video-preview":"max-video-preview:-1"},"canonical":"https:\/\/crosne-orchestral.fr\/","og_locale":"en_US","og_type":"article","og_title":"Crosne Orchestral -","og_description":"L&#8217;association Crosne Orchestral est un orchestre d&#8217;harmonie. Nous recherchons des musiciens amateurs pour monter nos prochains concerts et nos prochaines manifestations. Le r\u00e9pertoire est tr\u00e8s diversifi\u00e9 : musiques de film, musiques pop, musiques de vari\u00e9t\u00e9, musiques classiques &#8230;. N&#8217;h\u00e9sitez pas \u00e0 venir nous rejoindre pour la saison 2025\/ 2026 et \u00e0 nous contacter via le [&hellip;]","og_url":"https:\/\/crosne-orchestral.fr\/","article_modified_time":"2025-06-19T10:50:03+00:00","og_image":[{"width":1024,"height":1024,"url":"http:\/\/crosne-orchestral.fr\/wp-content\/uploads\/2024\/09\/Logo-Crosne-Orchestral-1024x1024.png","type":"image\/png"}],"twitter_card":"summary_large_image","twitter_misc":{"Est. reading time":"1 minute"},"schema":{"@context":"https:\/\/schema.org","@graph":[{"@type":"WebPage","@id":"https:\/\/crosne-orchestral.fr\/","url":"https:\/\/crosne-orchestral.fr\/","name":"Crosne Orchestral -","isPartOf":{"@id":"https:\/\/crosne-orchestral.fr\/#website"},"primaryImageOfPage":{"@id":"https:\/\/crosne-orchestral.fr\/#primaryimage"},"image":{"@id":"https:\/\/crosne-orchestral.fr\/#primaryimage"},"thumbnailUrl":"https:\/\/crosne-orchestral.fr\/wp-content\/uploads\/2024\/09\/Logo-Crosne-Orchestral.png","datePublished":"2023-07-28T08:56:37+00:00","dateModified":"2025-06-19T10:50:03+00:00","breadcrumb":{"@id":"https:\/\/crosne-orchestral.fr\/#breadcrumb"},"inLanguage":"en-US","potentialAction":[{"@type":"ReadAction","target":["https:\/\/crosne-orchestral.fr\/"]}]},{"@type":"ImageObject","inLanguage":"en-US","@id":"https:\/\/crosne-orchestral.fr\/#primaryimage","url":"https:\/\/crosne-orchestral.fr\/wp-content\/uploads\/2024\/09\/Logo-Crosne-Orchestral.png","contentUrl":"https:\/\/crosne-orchestral.fr\/wp-content\/uploads\/2024\/09\/Logo-Crosne-Orchestral.png","width":3640,"height":3640},{"@type":"BreadcrumbList","@id":"https:\/\/crosne-orchestral.fr\/#breadcrumb","itemListElement":[{"@type":"ListItem","position":1,"name":"Home","item":"https:\/\/crosne-orchestral.fr\/"},{"@type":"ListItem","position":2,"name":"Crosne Orchestral"}]},{"@type":"WebSite","@id":"https:\/\/crosne-orchestral.fr\/#website","url":"https:\/\/crosne-orchestral.fr\/","name":"","description":"Un site utilisant WordPress","potentialAction":[{"@type":"SearchAction","target":{"@type":"EntryPoint","urlTemplate":"https:\/\/crosne-orchestral.fr\/?s={search_term_string}"},"query-input":{"@type":"PropertyValueSpecification","valueRequired":true,"valueName":"search_term_string"}}],"inLanguage":"en-US"}]}},"_links":{"self":[{"href":"https:\/\/crosne-orchestral.fr\/index.php\/wp-json\/wp\/v2\/pages\/11","targetHints":{"allow":["GET"]}}],"collection":[{"href":"https:\/\/crosne-orchestral.fr\/index.php\/wp-json\/wp\/v2\/pages"}],"about":[{"href":"https:\/\/crosne-orchestral.fr\/index.php\/wp-json\/wp\/v2\/types\/page"}],"author":[{"embeddable":true,"href":"https:\/\/crosne-orchestral.fr\/index.php\/wp-json\/wp\/v2\/users\/1"}],"replies":[{"embeddable":true,"href":"https:\/\/crosne-orchestral.fr\/index.php\/wp-json\/wp\/v2\/comments?post=11"}],"version-history":[{"count":9,"href":"https:\/\/crosne-orchestral.fr\/index.php\/wp-json\/wp\/v2\/pages\/11\/revisions"}],"predecessor-version":[{"id":177,"href":"https:\/\/crosne-orchestral.fr\/index.php\/wp-json\/wp\/v2\/pages\/11\/revisions\/177"}],"wp:featuredmedia":[{"embeddable":true,"href":"https:\/\/crosne-orchestral.fr\/index.php\/wp-json\/wp\/v2\/media\/167"}],"wp:attachment":[{"href":"https:\/\/crosne-orchestral.fr\/index.php\/wp-json\/wp\/v2\/media?parent=11"}],"curies":[{"name":"wp","href":"https:\/\/api.w.org\/{rel}","templated":true}]}}